 - 1484. Let o(v) = v**3 - v**2 + v + 1. Let u(j) = z*o(j) + t(j). Give u(-4).
-17
Let r(f) = -3*f - 3. Let b(g) = g**3 - 11*g**2 + 10*g + 17. Let a be b(10). Let w = -34 - a. Let m = w + 48. What is r(m)?
6
Let m be (-14)/(-4)*(-3)/2*100/(-75). Let l(o) = o**2 - 10*o + 14. Calculate l(m).
-7
Let l(p) = -30*p - 65. Let z be (70/(-8))/((-2)/(-56)*7). Let m(i) = 5*i + 11. Let b(y) = z*m(y) - 6*l(y). Give b(-5).
-20
Let p(i) = 0*i**2 + 6*i + 3*i**2 - 2*i**2 - 3. Suppose v - 5252 + 5251 = 0. Let m(s) = s**2 + s + 1. Let z(a) = v*p(a) - 2*m(a). Determine z(6).
-17
Let x(p) be the first derivative of p**4/12 - 4*p**3/3 - p**2/2 + 49*p - 54. Let c(b) be the first derivative of x(b). Calculate c(6).
-13
Let o(c) = -c**3 + 2*c**2 + 7*c - 8. Let r(s) = -7*s**2 - 50*s - 71. Let i be r(-5). Calculate o(i).
-12
Let u(p) = p**2 + 7*p - 5. Let q be (1 + -1)*(-18)/(-72)*-1. Let n be (7 + 0)/(-1 + q). Give u(n).
-5
Let u(z) = 2*z - 27*z + 2*z + z**2 + 13*z + 5 + 2. Determine u(10).
7
Suppose -21*b + 20*b = -k - 15, -b - 21 = 3*k. Let r(p) = 6*p**2 - 46*p + 14. What is r(b)?
-46
Let f(v) = -53*v**3 - 3*v**2 + 3*v + 4. Let z be 297/(-351) + (6/6)/((-26)/4). Give f(z).
51
Let c(o) = o**3 - 4*o**2 - 2*o - 1. Let l be 26/8 - 492/(-656). Let b(u) = -2*u**3 + u**2 - u + 1. Let v be b(1). Let k be v - ((2 - l) + -4). Give c(k).
14
Let s(p) = -p - 8. Let t be 396/84 - 4/(-14). Suppose -4*j = -0*j + 3*n + 224, -t*j - 2*n - 280 = 0. Let z be j/(-7)*(-2 + 3). What is s(z)?
-16
Let o(l) = l**2 - 18*l. Suppose 72*m + 165 - 244 = 713. Give o(m).
-77
Let k(l) = -1 + 0 + 3*l**2 + 0*l**2 - l**2. Suppose 2*t - 5*p + 344 = 0, 2*t + 5*p + 344 = 4*p. Let o = -170 - t. Give k(o).
7
Let b(q) = q**3 - 3*q**2 - 4*q - 6. Let p be (-43 - 5)*(-5 + (-115)/(-20)). Let c be (279/p - -7)/(6/(-32)). Calculate b(c).
-6
Let x(u) = u**3 + 13*u**2 + 30*u. Suppose 0 = -3*t - 3*h - 27, t + 5*h - 77 = -82. Give x(t).
0
Let z(i) = i**3 + 8*i**2 + 5*i + 3. Let o = 454 + -452. Suppose -2*l - 2 = 0, -3*x - o*x + 2*l - 33 = 0. Determine z(x).
17
Let a(g) = -5*g - 8 + 4*g + 15. Suppose 3*w = k + 7 + 1, -k = w - 8. Suppose 2*f + w*i + 12 = 0, -3*i - 14 - 17 = -4*f. What is a(f)?
3
Let t(i) be the second derivative of -5 - 1/2*i**3 - 6*i - 1/12*i**4 + 3/2*i**2. What is t(-4)?
-1
Let u(y) be the first derivative of y**2/2 + 12*y - 82. Determine u(-5).
7
Suppose 67 = 27*o - 230. Let m(d) = -o - 34*d + 67*d - 34*d. Give m(-10).
-1
Let l(p) = -2*p**2 + 320*p + 605 - 614 - 348*p. Give l(-13).
17
Let h(n) = n**2 - 13. Let d = 498 - 505. What is h(d)?
36
Let f be 45/((-231)/22 + 13). Let r(u) = u - 62. Determine r(f).
-44
Let i(d) = -3*d + 23. Let m(c) be the first derivative of c**4/4 - 10*c**3/3 + 8*c**2 - 51*c - 140. Let w be m(9). Give i(w).
-13
Let n(o) = o - 14. Let u(k) = 3*k - 3. Let b be u(6). Suppose 3*s = 5*w + 17, -s = -0*s - 2*w - 6. Suppose s*l - 5*x = b, 5*l - 15 = -0*l + 5*x. What is n(l)?
-14
Let o(q) = 10*q - 4*q - 1 + q**2 + 3. Suppose -21166*k = -21126*k + 240. Determine o(k).
2
Let r = 4 - 34. Let a be 2/8*0 - r. Suppose 0*b + a = -5*b. Let c(n) = n**2 + 4*n - 7. Give c(b).
5
Let c(l) = 4 + 6*l**2 - 16*l**3 + 31*l**3 - 7*l - 16*l**3. Calculate c(4).
8
Let c = -1580 - -1596. Let x(i) = 5*i**2 - 83*i - 4. What is x(c)?
-52
Suppose 15*u - 176 - 4 = 0. Let n(p) = u - 28 + p + 12. Determine n(1).
-3
Let h(s) be the second derivative of -s**3 + 45*s**2/2 - 6879*s + 1. What is h(11)?
-21
Let a(h) = 13*h - 3. Let f(k) = 12*k - 4. Let z(q) = -8*a(q) + 6*f(q). Suppose 0 = 2*u, -2*x - u + 16 = 14. What is z(x)?
-32
Let h = -582 + 564. Let s be ((-16)/(-6) - 6/h)*3. Let y(m) = -m**3 + 10*m**2 - 11*m - 11. Give y(s).
-29
Let z be ((-27)/(-18))/((-9)/(-78)). Let a(n) = -14*n - 4 + 18 + 33*n**3 - 12*n**2 - 32*n**3. Determine a(z).
1
Suppose -z + 16 = 3*y, -3*y - 5*z + 70 = 2*y. Suppose -i + a + 4 = 0, -i = -0*i + 2*a - 7. Let q(l) = 3*l + 3*l - i*l**2 - 5*l. Calculate q(y).
-4
Suppose -o + 40 = 48. Let k = o + 20. Suppose 4 = -8*j + k*j. Let g(x) = 8*x**2 - x + 1. Calculate g(j).
8
Let f(d) = -11*d + 25. Let b be f(7). Let p be b/(-442) + (-242)/34. Let l(m) = -m**3 - 7*m**2 + 2*m + 9. What is l(p)?
-5
Let y(c) be the second derivative of c**4/12 + 2*c**3 + 3*c**2 + 2*c. Suppose -5*r + 4*x + 16 = -7*r, -22 = 2*r + x. What is y(r)?
6
Let p = 292435 - 292426. Suppose 4 - 2 = u. Let l(v) = 12 - 4*v**2 - v**3 - 6*v**u + 2*v**3 + 7*v. Calculate l(p).
-6
Let u(k) be the third derivative of -5*k**4/24 - 5*k**3/3 + 162*k**2. Let s be u(-1). Let v(m) = -2*m - 6. Give v(s).
4
Let l(o) = -o**2 - 4*o + 7. Suppose 9*b - 498 = -3612. Let t = 341 + b. Determine l(t).
2
Let u(s) = 235*s**2 + 10*s + 238*s**2 - 12*s + 5 - 467*s**2 + 8*s. Calculate u(-1).
5
Let r(l) = 2*l**2 + 2*l + 4. Let b be r(-6). Suppose -6*a - 16 = -b. Let d(g) be the first derivative of -g**2/2 + 8*g + 138. What is d(a)?
0
Let s be (-3 + 2)*(-4 - (-3 - -1)). Let d = -9 + 4. Let y(k) = -4*k**2 + 7*k - 8. Let u(m) = 3*m**2 - 6*m + 7. Let f(z) = d*u(z) - 4*y(z). Give f(s).
5
Let g(b) = -b**2. Let x(w) = 4*w - 138. Let v(t) = -24*t - 350. Let q be v(-16). Let a be x(q). Give g(a).
-4
Let b(q) = q + 9. Let h(t) = -1. Let u(d) = b(d) - h(d). Let n(g) = -2*g**2 + 15*g + 1633. Let z be n(-25). What is u(z)?
18
Let j(v) = -v**2 + 4*v + 5. Let s(t) = -4*t**2 + 13*t + 25. Let n(c) = -5*j(c) + s(c). Calculate n(6).
-6
Let s be 1*(13 - 9) - 2. Let j = -7 - -9. Let h(y) = 1 - 2*y + 2*y**3 - y**j - 3*y**2 + 4*y. Give h(s).
5
Let v(f) = f**3 + f**2 + 3. Let l = -59 - -45. Let g be (-2 - 32/l) + 160/28. Let k be (-2)/g + (-56)/21. Determine v(k).
-15
Let s(h) = -30 - 27*h**3 - 19*h**3 - h**2 + 36*h + 9*h**2 - 13*h**3 + 58*h**3. Give s(11).
3
Let x(m) = 2*m - 14. Let i be x(-8). Let u = 34 + i. Let n(z) be the second derivative of -z**3/3 - 17*z. Determine n(u).
-8
Let u(m) be the second derivative of 19*m**3/6 - 5*m**2/2 + 1006*m. What is u(-5)?
-100
Let t = 3010 - 3004. Let b(y) = -2*y + 1. Give b(t).
-11
Let n be (-10)/12 + (-3)/(72/(-260)). Let w(i) = -3*i**3 + 29*i**2 + 10*i + 7. Determine w(n).
7
Let n(o) = -o**2 + 2*o - 1. Let p(f) = f**3 + 10*f**2 - 21*f + 34. Let u be p(-12). Let l be 3 + (-1 + -6 - -5) - u. What is n(l)?
-4
Let m = 47 + -45. Let x(h) = -37*h + 2. Let a(o) = 74*o - 3. Let t(g) = m*a(g) + 5*x(g). Let f(v) = -25*v + 3. Let s(i) = 7*f(i) - 5*t(i). Give s(-1).
-9
Suppose 6*w + 266 - 251 = h, 0 = h - 4*w - 7. Let l(s) = 23*s + 24. What is l(h)?
-183
Suppose 0 = i + 18 - 22. Let p(d) = -i*d + 2*d + d + 3*d. Calculate p(2).
4
Let z(w) be the third derivative of 3*w**6/40 + w**4/24 + w**2 - 1022*w. Determine z(-1).
-10
Let p = 333 - 334. Let j(t) be the first derivative of t**4/4 - t**3/6 + t + 2. Let h(d) be the first derivative of j(d). What is h(p)?
4
Let t(z) = -38*z - 221. Let l(b) = 128*b + 772. Let w(o) = -5*l(o) - 17*t(o). Calculate w(16).
-7
Let u(m) = -23*m**2 + 2*m - 1. Let b(z) = 215*z + 216. Let i be b(-1). Give u(i).
-22
Let v be (0 + 0 - -5)*(8214/185)/37. Let c(b) = -b**2 + 8*b - 8. Determine c(v).
4
Let i(t) = 15*t + 4. Let j(o) = -16*o - 5. Let v(b) = -4*i(b) - 3*j(b). Let s(u) = -u**2 - 10*u - 23. Let d = -11 + 7. Let g be s(d). What is v(g)?
-13
Suppose -10*l + 59*l + 12*l - 366 = 0. Let m(d) = -d**3 + 7*d**2 - 3*d - 16. Calculate m(l).
2
Let d = -1 + 3. Let o(w) = -6*w - 9. Let x(g) = 25*g + 45. Let p(r) = 5*o(r) + x(r). Determine p(d).
-10
Suppose n = -h + 5, -5*h - 2*n + 7*n + 25 = 0. Suppose -q - 2 = 0, 3*x - h*q - 9 = 7. Let a(u) = -3*u + 30*u**2 - 32*u**2 - u**3 + 4*u + x. Determine a(-2).
0
Suppose -3*u = -5*v - 3, -2 = -2*u + 9*v - 14*v. Let j(l) be the third derivative of l**6/30 - l**5/60 - l**4/24 + l**3/6 - 19*l**2. Determine j(u).
3
Let b(j) = 3*j**3 + 3*j**2 + 3*j + 1. Let a(w) = w**3 - w**2 + 1. Let k(y) = 2*a(y) - b(y). Let g(m) = -433*m + 8656. Let h be g(20). Give k(h).
-3
Let q(k) be the second derivative of -k**5/20 + k**4/4 - k**3 + 17*k**2/2 + 1374*k. What is q(4)?
-23
Let l(n) be the first derivative of -n**3 - 5*n**2/2 - 210*n - 74. Let r(h) be the first derivative of l(h). Determine r(-4).
19
Let g(y) = -15 + 17 - 10*y**2 - 98*y + 120*y. Let i be g(2). Let z(x) = -4*x - 2. What is z(i)?
-26
Let d(g) = -g**2 - 11*g - 15. Let f(v) = -v**3 - 5*v**2 + 2. Let c be f(-5). Let l be (0/1)/(c + (-12)/3). Suppose 7